2 + 38*r + 2974. What is c(13)?
-1
Let p(y) = y + 26. Let r be p(-15). Let t(q) = -4*q + 44. Let f(k) = 2*k - 23. Let o(a) = r*f(a) + 6*t(a). Give o(10).
-9
Let q(v) = 48*v**2 + 287*v - 4. Suppose 23 = -5*z + j, 2*z - 4*z - 187 = 25*j. Calculate q(z).
2
Let v(h) = -83*h - 61. Let q(x) = -19*x - 15. Let d(u) = -9*q(u) + 2*v(u). Determine d(4).
33
Let g be 3/8 + 109050/400. Suppose -g*z + 264*z - 126 = 0. Let v(j) = -j**2 - 13*j + 15. Determine v(z).
1
Let f(q) = 3*q**3 - q**2. Let j(v) = -v**2 + 16*v - 1 + 5*v - 4*v. Let a(w) = -310*w + 637. Let k be a(2). Let g be j(k). Give f(g).
-4
Suppose -2*f + 290 = 4*t, -2*f + 4*t + 322 = -0*t. Suppose 0 = -7*i - 211 - f. Let y = i - -58. Let k(x) = x + 1. What is k(y)?
7
Let u(f) be the third derivative of f**5/15 + f**4/24 - 7*f**3/2 + 134*f**2 + 2*f - 11. Calculate u(-5).
74
Let s be -6 + 3/1 + 6 - -1. Suppose -4 = -2*m - 2*m - s*d, -m = -5*d - 25. Suppose 3*w + 2*c + 44 = -2*w, -4*w = -m*c + 22. Let n(q) = -q - 10. Determine n(w).
-2
Let u = -10 - -20. Let l be (-16)/(1 + -5) + -1*u. Let o(m) = m**2 + 5*m + 4. Calculate o(l).
10
Let h(x) = -3*x + 6. Let c = 334 + -164. Let g = c - 170. Give h(g).
6
Let f(u) = -u - 2. Let i be 20/(-6) + 4 + (-76)/6. Let g be (5 + i)*(-6)/3. Suppose 5*p - 26 - g = 0. Determine f(p).
-10
Let h(w) = w**2 - 11*w - 2. Suppose 4 = o - j, 18 = 3*o + 2*j - 4. Suppose 0 = o*y + 115 - 163. What is h(y)?
-26
Let m(v) = 48*v**2 - 5 - 84*v**2 + 33*v**2 - 78*v - 2. Give m(-26).
-7
Let d be (5 - 3) + (2 - 1). Let u(l) = 4 + l**2 + 215*l**3 - l - 216*l**3 + 3*l. Calculate u(d).
-8
Let y be (-3 - 0) + ((-121)/11 - -101). Suppose 8*v = -4*a + 11*v - 72, -5*a + 3*v = y. Let k(r) = -r**2 - 16*r - 14. What is k(a)?
1
Let v(b) = -b**3 + b - 1. Let d(t) = -3*t**3 + 3*t**2 + 5*t - 1. Let c(r) = d(r) - 4*v(r). Suppose -21 - 24 = 15*y. Let q be (5*14/35)/(2/y). Calculate c(q).
0
Let n(u) = -27*u**2 - 6*u**3 - u + 51*u**2 - 1 - 4*u**3 - 23*u**2. Let l(v) = v**3 - 4*v**2 - 4*v - 6. Let h be l(5). Let g = h + 0. Determine n(g).
11
Let s(p) = -p**2 + 16*p + 14. Let v = -1314 + 1331. What is s(v)?
-3
Let k(b) = 4*b**2 + 14*b - 232. Let w(l) = -11*l**2 - 43*l + 597. Let h(g) = 8*k(g) + 3*w(g). Give h(-9).
7
Suppose 3*o - 5*d = -91, o + 32 = -0*d + 2*d. Let t = -20 - o. Suppose -n = -3*c - 4, t*c + 6 = -n + 5*n. Let a(s) = 2*s. Determine a(n).
2
Let z(b) = b**3 + 4*b**2 + 3*b - 3. Suppose 15 = -5*p - 2*y + 3*y, 4*y - 20 = 0. Let q = 47 - p. Let k = 45 - q. What is z(k)?
-15
Suppose 3*a = -9*a - a. Let p be (-17)/(-3)*(-6)/(-2). Suppose 0 = -a*w - w + 3*k + p, -5*w = -k - 15. Let u(q) = -6*q - 1. Give u(w).
-13
Let j(y) = 15*y**2 + 58*y + 2. Let h be j(-4). Let p(q) be the first derivative of -q**4/4 + 10*q**3/3 + q**2 - 7*q + 2. Give p(h).
13
Let g(i) = -282*i**3 + 14*i**2 + 145*i**3 - 49 - 12*i**2 + 138*i**3. Calculate g(0).
-49
Let x(w) be the first derivative of -3/40*w**5 + 11/24*w**4 + 0*w - 1/360*w**6 + 0*w**2 + 25/3*w**3 - 16. Let d(u) be the third derivative of x(u). Give d(-9).
11
Let h(a) = -27*a - 23*a + 48*a - 1. Let o(k) = -13*k - 5. Let c(y) = -3*h(y) + o(y). Suppose r = -0 + 2. Determine c(r).
-16
Suppose 5*h + 5*l = -30, -h + l = 31 - 35. Let q(u) = -2*u - 1 + 2*u**2 - 2*u**2 - u**2 + 6*u**3. Give q(h).
-6
Let m(g) = g**3 - 4*g**2 - 5*g**2 + 8*g**2 - 12*g**2 + 2*g**2 - 12 - 10*g + g**2. Let w(c) = c**2 + c - 1. Let r be w(-4). Calculate m(r).
-1
Suppose 4*h - 10*h = -42. Suppose -h*a = -59 - 25. Let w(s) = -a*s + 2*s**3 + 12*s**2 - 4*s**3 + 8 - 3*s**3 + 4*s**3. Calculate w(11).
-3
Let z(k) = 7*k**2 + 15*k + 28. Let r(g) = 10*g**2 + 23*g + 42. Suppose -2*v + 2*h - 20 = 0, 20 = -2*v - 3*v - h. Let x(c) = v*r(c) + 7*z(c). What is x(-10)?
-14
Let b(n) = 7*n + 3. Let o(a) = -81*a + 1779. Let w be o(22). Determine b(w).
-18
Let x(f) = 4*f + 9. Let o(y) = -y. Let w(h) = 3*o(h) + x(h). Suppose 4*m - 4*s = -8*s + 6964, 5*m = 2*s + 8726. Suppose -1750*k = -m*k + 24. Give w(k).
5
Let t(i) = -i**3 - 17*i**2 + 26*i - 222. Let b be t(-19). Let h(f) = -4*f**2 + 23*f + 15. Calculate h(b).
9
Let b(q) = 16*q**2 - 21*q + 91. Let y(o) = 14*o**2 - 20*o + 77. Let z(w) = -5*b(w) + 6*y(w). Determine z(8).
143
Let m(u) = 5*u - 37. Let i(l) = 7*l + 202. Let x be i(-28). Give m(x).
-7
Let l(q) be the second derivative of q**4/12 - q**3/6 + 35*q**2/2 - 5*q + 56. Give l(0).
35
Let y(c) = 24*c + 3*c**2 + 25*c + 29*c + 10 - 122*c + 28*c. Calculate y(4).
-6
Let q be 28 + -31 + 17 + 0. Let h(r) = 4*r - 45. Determine h(q).
11
Let k(x) = x - 5*x + 5*x - 16. Let r = 64518 - 64501. What is k(r)?
1
Suppose 346 = -10*g + 416. Suppose 3*q - 28 = 3*u - 19, -4*q - u + g = 0. Let w(n) = -n**2 - n + 2. Calculate w(q).
-4
Let a(u) be the first derivative of 1/2*u**2 + 23 - 13*u. Determine a(9).
-4
Let u(c) = 26*c**2 - 274*c - 25*c**2 + 10 + 292*c - 56. Determine u(-24).
98
Let f be (-2)/(-13) - 74/(-26). Let l(j) = 615*j**2 - 21 - 309*j**2 - f*j - 307*j**2 + 19*j. Calculate l(15).
-6
Suppose 28*n - 93 = -42*n + 397. Let t(m) = -4*m**2 + 29*m + 10. Give t(n).
17
Let r(p) = 8*p - 139. Let v(x) = -8*x + 105. Let d(b) = -3*r(b) - 4*v(b). Determine d(10).
77
Let i(c) be the first derivative of -c**4/4 - 2*c**3 + 17*c + 3235. What is i(-5)?
-8
Suppose 0 = -4*s + 30 - 18. Suppose s*o - 20 = o. Let j(l) = o - 15 + l + 10 - l**2. Determine j(0).
5
Let b(g) = -g**3 - 2*g**2 - 2*g + 2. Let y = -1 + 0. Let z(i) = -4*i**2 - 5*i + 4. Let k be z(-2). Let q be y/k*-2*(-4)/(-2). What is b(q)?
6
Let r be ((-170)/(-68))/(4/8). Let c(y) = -5*y**2 + 34*y - 12. Calculate c(r).
33
Suppose 0 = -13*i + 177 + 44. Let m(n) = -n**3 + 18*n**2 - 18*n - 9. Give m(i).
-26
Suppose -2 = -5*g - 2*v, 2*g = 18*v - 19*v. Let o(p) = 543*p**2 - 2 - 2 + 7*p - 545*p**g. Calculate o(5).
-19
Suppose -3 = -v - 5, t - 7 = 4*v. Let c(x) = -82*x - 1. Give c(t).
81
Let r(s) = s + 2. Let w(f) = -f + 17. Let n(q) = 17. Let u(x) = -x**3 - 11*x**2 + 5. Let c be u(-11). Let z(b) = c*w(b) - 4*n(b). Let l be z(4). What is r(l)?
-1
Let r(c) be the second derivative of -1/2*c**3 + 0 + 7/2*c**2 - 78*c. What is r(3)?
-2
Suppose 5*h + 3*s = -0*s + 25, 2*s - 16 = -3*h. Suppose 0 = 4*g - h*i - 16, 0 = 3*i - 6*i - 12. Let q(v) = 10 - 4*v + 9 - 2 - 25 + 10. What is q(g)?
-6
Let i = -31619 + 31624. Let f be 22/5 - (-2)/(-5). Let q(r) = -r + f + 3*r - 4*r. Determine q(i).
-6
Let j = 6 - 18. Suppose -6*t + 3*t + 4*r = -66, -4*r + 84 = 2*t. Let a be t/j*8/5. Let g(o) = o**3 + 3*o**2 - 2*o + 2. Give g(a).
-6
Let c(n) be the first derivative of 13*n**2/2 - 6. Let u(s) = 3*s + 1. Let d(r) = -c(r) + 4*u(r). Calculate d(5).
-1
Suppose 9*d = 10*d - m - 10, 6*m = -30. Let s(n) = -n**3 + 7*n**2 - 8*n + 1. Calculate s(d).
11
Let b(y) = -3*y**3 + 2*y**2 + 5*y - 2. Let p(o) = 2*o**3 + 3*o**2 + 7 + 2 - 3*o - 4*o**2 - 8. Let f(x) = 3*b(x) + 5*p(x). Let r = 66 + -66. Calculate f(r).
-1
Let s(x) = -6*x. Let q = 34 + -30. Suppose -7*a = -6*a + 4*l - 13, 2 = -q*a + 2*l. What is s(a)?
-6
Let z(r) = 6*r**2 + 31*r + 10. Let o(v) = v**2 + 6*v + 2. Let u(a) = -11*o(a) + 2*z(a). Let n(i) = -176*i + 64. Let f be n(3). Let w = f - -469. What is u(w)?
3
Suppose -10*h - 13 = -8*h + n, 0 = 5*n - 15. Let w be (-5)/2*(h/(-5) + -8). Let z(l) = l**3 - 15*l**2 - 15*l - 20. Give z(w).
-4
Let f(s) be the first derivative of 15*s**4/4 + s**3/3 - s**2/2 - s - 51754. Suppose -z + 2*z = 2. Suppose z*y - p + 3*p - 4 = 0, p = 3. What is f(y)?
-14
Suppose 0 = 3*f - 2*y + 29, 5*f - 2*y + 22 = -21. Let r(k) be the third derivative of -k**4/12 - 4*k**3/3 + 7*k**2. Calculate r(f).
6
Let b(o) = o**3 - 21*o**2 + 21*o - 10. Let s be b(20). Let t(v) = v**2 - 8*v + 1. Let h be t(9). Let p(w) = -w**2 + h*w + w + w**3 - s*w - 10. Give p(0).
-10
Suppose 5*r - 3*u = -7*u + 440, 0 = r - 4*u - 64. Suppose -95*o = -r*o + 66. Let v(t) = -2*t + 4. Give v(o).
16
Suppose -4*i + 19 = 4*p - 5, 0 = -3*i + 4*p + 4. Let k(z) = 4*z**2 + 4*z - 26. Let c(d) = -5*d**2 - 10*d + 36. Let u(v) = -2*c(v) - 3*k(v). What is u(i)?
6
Let l(b) = -b + 11. Let d(u) = u - 6. Let m(c) = 5*d(c) + 3*l(c). Let f be (-4)/(-22) + (-13600)/(-220). Let o be 4/f - (-8760)/(-1240). Determine m(o).
-11
Let f(n) = n**3 - n**2 + 5*n. Suppose -28 = -4*s - 2*j, 5*s + 43*j - 50 = 38*j. Calculate f(s).
68
Let x be (-4)/(-24)*3 + (-91)/(-14). Suppose 3*i = 5*h - x*h + 14, -13 = -4*i + 3*h. L